. Let b(s) = -15*s + 5. Let c(l) = 7*b(l) - 3*r(l). Calculate c(4).
-7
Let g(s) = 3*s - 9. Suppose -2*c - z - 26 = -3*c, -2*c - 4*z = -40. Suppose 3*v - c = 4*v - 3*r, 4*r = -8. Let d = v - -36. Calculate g(d).
9
Suppose 0 = 3*w - 0*w - 630. Suppose 0*l - w = -5*l. Let d = 43 - l. Let y(n) = -3*n**2 + 1. Calculate y(d).
-2
Let x(t) = 8*t + 11852*t**2 - 2*t**3 - 11843*t**2 - 1 + 3*t + t**3. Suppose c + 43 - 53 = 0. Calculate x(c).
9
Let w(l) = -l**3 - 25*l**2 - 122*l - 42. Let n be w(-6). Let q(h) = -8 - 2*h + 7*h + h - h. Give q(n).
22
Let m(x) = x**2 + 5*x - 58. Let t = 77 + -88. Calculate m(t).
8
Let y(z) = 31 + 4 - z - 11. Let j be y(21). Let a(b) = -2*b + 3. Let o(f) = -3*f + 4. Let s(l) = -5*a(l) + 4*o(l). Calculate s(j).
-5
Let j(f) be the second derivative of f**4/12 - 17*f**3/6 - 52*f**2 - 1856*f. Give j(-5).
6
Let t(v) = v**3 - 8*v**2 + 17*v - 10. Let d be t(5). Let c(j) = -2*j + 163. Calculate c(d).
163
Let i(m) = -1289 + 3996 + 26*m - 1322 - 1328. Give i(-2).
5
Let f(y) be the third derivative of y**6/120 + 7*y**5/60 - 5*y**4/4 - y**3/6 - 76*y**2 + 2*y + 4. Calculate f(-10).
-1
Let p = 1309 - -121. Let o(x) = 2845*x + 1 - 1428*x - p*x. Give o(-1).
14
Let r(t) = 6*t + 1 - 6*t + 5*t. Suppose -2*y + 1 + 6 = 3*u, 4*y - 4 = 4*u. Give r(u).
6
Let j(r) = -4*r**3 + 42*r**2 + 10*r + 24. Let m(a) = -3*a**3 + 36*a**2 + 11*a + 23. Let l(g) = -4*j(g) + 5*m(g). What is l(-11)?
-25
Let p(a) = -2*a**2 + 38*a + 10. Let j be p(19). Let b(r) = -7 - 6*r - 5*r + j*r. Determine b(-14).
7
Suppose 2*m + 7 = -0*m + 3*b, b + 3 = 2*m. Suppose 4*g = -m, p + 4*g + 3 = -g. Let h(j) = -132*j**3 + 5 + 3*j + 3*j**2 + 2*j**p + 131*j**3. What is h(5)?
20
Let d(b) be the third derivative of -b**6/120 + b**4/8 + b**3 - 1059*b**2. What is d(-2)?
8
Suppose 4*k + 6 = 14. Let t(u) = -1 + 2 + 7*u**k + 4*u**3 - 2*u**3 - u**3. Let v be t(-7). Let y(g) = 6*g - 1. Calculate y(v).
5
Suppose 0 = -w + 15 + 139. Let g(p) = -7 - w*p**2 + p**3 + 6*p - 154*p**2 + 316*p**2. Give g(-7).
0
Suppose -11*n - 98 = -1297. Suppose -7*g + n + 192 = 0. Let z be ((-40)/36)/5 - g/9. Let v(p) = -4*p. Give v(z).
20
Let i(q) = q**3 - 8*q**2 - 3*q + 11. Suppose -25 = 38*b - 13*b. Let d be 7*1/1 - b. What is i(d)?
-13
Let l(u) = -u**3 + 11*u + 20. Let d be l(-2). Let w be 10/(40/d) - (-9)/2. Let t(o) = -4*o + 2. Calculate t(w).
-22
Let p(b) = 174*b - 29. Let l(x) = -39*x + 7. Let w(v) = -9*l(v) - 2*p(v). Calculate w(-7).
-26
Let n(f) = -20 - 81*f**2 + 154*f**2 + f - 71*f**2 + 23*f. Determine n(-13).
6
Let d(j) = -j**3 + 3*j**2 + 2*j + 4. Let x = 145 - 101. Suppose 0 = -4*w - 4*h + x, -3*w - h + 2*h + 21 = 0. Let v be w/28 - (-52)/14. Give d(v).
-4
Let p(l) = -7*l + 239. Suppose -y = 4*m - 145, -8*m - 5 = -7*m - 8*y. Give p(m).
-6
Let d(l) = -11*l**3 - 4*l + 5 + 3*l**3 + 0*l + 10*l**3 - 4*l**2. Determine d(4).
53
Let n(b) = 54 - 19*b**2 + 14*b + 48870*b**3 + 48866*b**3 - 97735*b**3. Determine n(18).
-18
Let k be (-10)/125 + 242/3025. Let i(t) be the second derivative of 13/2*t**2 + 1/12*t**4 - t + 4/3*t**3 + k. What is i(-9)?
22
Let z(v) = 6954*v**3 - 6949*v**3 + 1 - v + v**2 + 0*v**2. Let s be 2/(-4) + (-36)/(-24). What is z(s)?
6
Let p(g) = g**3 - 30*g**2 - 62*g - 68. Suppose 208*w - 205*w + 3*f - 108 = 0, 3*f + 84 = 3*w. Calculate p(w).
-4
Let p(z) = -19*z**3 + 31*z**3 + 6*z**2 + 0 + 1 - 13*z**3 - 6*z. What is p(5)?
-4
Let m(h) = 2*h - 52 - 1806*h**2 + 781*h**2 + 1024*h**2. What is m(0)?
-52
Let q = -21 + 27. Suppose -x = -q*x + 15. Suppose 6 - 21 = -x*c. Let g(o) = o**3 - 6*o**2 + 4*o + 7. Determine g(c).
2
Suppose -2*y - 21 = 2*a - 3, -5*y - 4*a = 42. Let n be 12/y + 2*2. Let d(b) = 3*b. Determine d(n).
6
Let z(d) = d - 6. Suppose -o = -5*p + 3*o + 389, 3*o = -2*p + 151. Let y = 82 - p. What is z(y)?
-1
Let z(s) be the second derivative of s**5/20 - 19*s**4/12 - 10*s**3/3 - 3*s**2/2 + 836*s. Determine z(20).
-3
Let s(q) = q**3 + 34*q**2 + q + 44. Suppose -2*h - 14*o = -20*o + 104, 5*o - 30 = 0. What is s(h)?
10
Let w = -2409 + 2395. Let d(n) = n**2 + 16*n + 22. Give d(w).
-6
Let w(v) = 8*v - 136. Let j(u) = -2747*u - 2730. Let i be j(-1). Calculate w(i).
0
Let r(c) = -c**2 + 31*c - 3. Let g(d) = -d**2 + 28*d - 6. Let v(a) = 6*g(a) - 5*r(a). Calculate v(12).
-9
Suppose m - 30 = -m. Suppose 0 = 3*r + 3*g + m, -4*g - 25 = 5*r - 1. Let u(n) be the third derivative of -n**4/12 - n**3 - 69*n**2. Give u(r).
2
Let k(q) = 4*q**3 + 2*q**2 + 4*q + 3. Let t be (1*2)/(46 + -48). Let z(p) = -p**3 - 2*p. Let h(f) = t*k(f) - 3*z(f). What is h(-3)?
0
Let u = -8675 + 8678. Let g(c) = -4*c**2 + 3*c - 5. Give g(u).
-32
Suppose 4*h + 4 = -3*q, 13*q + 18 = 8*q - h. Let o(g) = -5*g - 29. Calculate o(q).
-9
Let o(p) = -5*p + 3. Let r(w) = w**2 - 3*w + 3. Suppose 0 = 4*h + 9 - 21. Let t be r(h). Let d = 5 - t. Determine o(d).
-7
Let f be (-1)/(-6) - 1065/(-90). Suppose -f = 2*v - 4. Let r = 4 - v. Let z(b) = b - 9. What is z(r)?
-1
Let s = -71 + 73. Let f(q) = -3 + 4893*q - 8*q**3 - 4892*q + 3 + s*q**2. Determine f(-1).
9
Let c(s) = 2*s**3 - 28*s**2 + 33*s - 5. Let j(t) = t**3 - 15*t**2 + 18*t - 1. Let o(k) = -4*c(k) + 7*j(k). Give o(5).
33
Let h(f) = f + 7. Suppose 18*p + 31 = 139. Let q be 70/(-15)*(-9)/p. Determine h(q).
14
Let c(g) = g**3 - 14*g**2 + 27*g - 28. Let y be c(12). Let m(f) = -3*f - 6. Let d(i) = -i + 1. Let t(q) = -4*d(q) + m(q). Give t(y).
-2
Let n(z) = 9*z + 102. Suppose 45*k + 265 + 230 = 0. What is n(k)?
3
Let d(c) = -33*c - 25*c + 76*c + 4*c**2 - 2 - c**2 - 22*c. Calculate d(-2).
18
Let a(d) be the second derivative of d**4/12 + 3*d**3/2 - 8*d**2 + 2623*d. Give a(-8).
-24
Let s(o) = -55*o**2 - 3*o - 2. Let k = -10558 - -10557. Give s(k).
-54
Let t(z) = -7*z**2 - 10*z + 126. Let q(x) = 7*x**2 + 12*x - 157. Let m(a) = -4*q(a) - 5*t(a). Determine m(-3).
55
Let m = -11531 - -11526. Let n(s) = s**2 + 9*s + 8. Calculate n(m).
-12
Let n(r) = -14*r**2 + 105*r + 191. Let l(b) = -4*b**2 + 27*b + 48. Let a(i) = -11*l(i) + 3*n(i). Give a(-5).
5
Let j(t) = 5*t**2 + 10*t - 9. Let d be j(3). Let w = 67 - d. Let p(f) = -2*f**3 - 1. What is p(w)?
-3
Let j = -294 + 302. Let m be 5/(-10)*j - -3. Let p(t) = -t**3 - t**2. Calculate p(m).
0
Let f(l) = 3*l**3 + 6*l**2 + 10*l + 1. Let r(u) = -2*u**3 - 3*u**2 - 6*u - 1. Suppose -8*i - 19 = 21. Let v(c) = i*r(c) - 3*f(c). Give v(2).
-2
Let v(r) = -r**3 + 31*r**2 - 29*r - 41. Let p(s) = s**2 + 298*s - 5993. Let b be p(19). Calculate v(b).
-11
Let m(s) = -13*s + 14. Let z(k) = -15*k + 17. Let p(d) = -5*m(d) + 4*z(d). Let x(n) = 23*n - 8. Let h(q) = -9*p(q) + 2*x(q). Give h(6).
8
Let n(l) = l**3 - 4*l**2 - 19*l - 10. Let a be n(7). Suppose -4*q + a*p = -36, 2*p - 7*p - 5 = 5*q. Let j(g) = 2*g**2 - 10*g + 9. Give j(q).
1
Let r(a) = -a**3 - 15*a**2 - 38*a - 19. Let x be r(-12). Let u(s) = 0*s + 634 + s**3 - 636 - s + x*s**2. Determine u(-5).
3
Suppose -4*o + 2*d = -26, -2*o + 3*d + 29 = 2*o. Suppose 1 = n - 4. Let m = o - n. Let c(y) = -y + 5. Give c(m).
5
Let c(u) = -u**3 - 2*u**2 + u - 3. Let a(k) = -3*k**3 + 13*k**2 + 32*k + 131. Let z(i) = -a(i) + 4*c(i). Calculate z(-20).
17
Let z(d) be the second derivative of -5/12*d**4 - 1/20*d**5 - 1/6*d**3 - 173*d + 9/2*d**2 + 0. Calculate z(-5).
14
Suppose 3*t + 2*m - 16 = 0, -5*t - 7*m + 2*m = -35. Let i(n) = 54*n - 53*n - 2*n**t - 2 + 3*n**2. Let f be 0/((1 - 3)/(-1)). What is i(f)?
-2
Let g = 2520 - 2529. Let c(b) = 7*b + 37. Determine c(g).
-26
Let r(k) = -k - 5. Let n = 498 + -350. Suppose -31*j = 7 + n. What is r(j)?
0
Let l(f) be the second derivative of f**4/12 - 4*f**3/3 + 11*f**2/2 + 6*f. Suppose 14*b + 16*b = 77*b - 235. Calculate l(b).
-4
Let k(j) = -233*j + 1 - 237*j - 236*j + 4 + 707*j. Determine k(3).
8
Let y = -217 + 189. Let f(a) = a + 30. Let h be f(y). Let g(r) be the second derivative of r**4/12 + r**3/6 - r**2/2 + 2*r. Determine g(h).
5
Let j(s) = -110 + 26 + 34 + 31 - 6*s + s**2 + 29. Let y be (-3*(-22)/(-165))/((-1)/5). What is j(y)?
2
Let v(d) = d**2 + 3*d - 6. Let q(s) = 4*s + 97. Suppose -4*z = 5*k + 75, 0 = z + 46*k - 41*k. Let b be q(z). What is v(b)?
-6
Let j(l) be the second derivative of -l**5/20 - 7*l**4/12 + 5*l**3/3 + 33*l**2/2 + 202*l + 1. What is j(-8)?
17
Let l(f) be the third derivative of -1/24*f**4 - 3/20*f**5 - 7/6*f**3 + 15*f**2 - 1/120*f**6 + 0 + 0*f. Let o be l(-9). Let p(w) = 11*w - 3. Ca